
Evaluate -12 + (47 - (-10 - (-12 + 8) - -9)).
32
Calculate -6 + (9 - 3) - (-12 + 21).
-9
What is -2 + (5 - -1) + (8 - 40 - -35)?
7
What is the value of -1 - (6 + 2 + -3 + 1)?
-7
What is -23 - (34 + -24 + -47)?
14
What is the value of (14 - 7) + -14 + (-34 - -31)?
-10
Evaluate (-15 - -15) + (-4 + 16 - 7).
5
What is the value of -12 - (21 + (-11 - (7 - 5)))?
-20
5 - (-3 + (2 - (-3 + -3)) - -2)
-2
What is the value of -7 + -1 - ((18 - 11) + 1)?
-16
Calculate (-9 + 22 - 29) + (4 - 1).
-13
Evaluate (-4 - (-6 + 4)) + (4 + -8 - -6).
0
What is 7 - (-9 - -9) - (-12 + 28)?
-9
Evaluate -28 - -49 - (-2 + 19).
4
What is -9 + 3 + 20 - 0?
14
What is -14 - -1 - (-164 + 83 + 45)?
23
(-12 - 16) + 7 + 4 + -9
-26
Calculate -11 - ((-30 - -17) + 10).
-8
What is -3 + 25 + -29 + (-1 - (0 - 13))?
5
6 + -8 + -7 - (-3 + -11)
5
What is the value of -55 + 60 - (-2 - 8)?
15
What is the value of -9 + 34 + -25 + (-3 - -10 - -1)?
8
Calculate 2 + -9 + -2 + (-24 - -51) + -43.
-25
What is the value of 7 + 52 + -43 + 0 + (-25 - 0)?
-9
Calculate -8 + 9 - (9 - (27 + -14)).
5
What is the value of -13 + 3 - (7 - 2 - (4 - 2))?
-13
What is the value of 1 + (-5 - 0) + -4 + -5 + 17?
4
Evaluate (-1 - -10) + -14 - (21 + -1).
-25
What is -14 + (-4 + 17 - -14) + -35?
-22
What is the value of (9 - (-29 + 9)) + (0 - 8) + 3?
24
What is -11 + 3 + -4 + 7 - 0?
-5
(-159 - -158 - (-1 - -3)) + 8 + 0
5
What is 14 + -13 + -27 + 19?
-7
Evaluate 53 + -42 + (-4 + 3 - (-1 - -1)).
10
What is the value of (-1 - (0 - 2)) + (-49 - (-93 + 60))?
-15
Evaluate (-234 - -214 - (-2 + 3 - 4)) + 0.
-17
Calculate -163 + 181 + (-1 + 4 - 6).
15
Calculate 31 - 7 - 25 - (2 - 1).
-2
Evaluate 8 + (-5 - (2 - 9) - -7 - 1).
16
90 + -80 - (-7 + 13 + 28)
-24
Evaluate -15 + 2 + (12 + -23 - -12) + 1.
-11
What is 57 + -80 + 8 + 1?
-14
What is the value of 1 - (11 + 9 + -10 - 17) - 8?
0
Calculate -18 + -3 + (7 - (13 + (-7 - 2))).
-18
What is -5 - (-32 - (-8 - (13 - 14)))?
20
What is the value of -6 - (6 - 13 - 8)?
9
Calculate -26 - (4 + -30 + 23).
-23
What is the value of 27 - (2 - (15 + -8))?
32
Calculate 22 - (4 + 7 - -5).
6
What is 5 + -20 - (-39 - -9)?
15
-2 + 3 + 17 - (-39 + (-43 - -83))
17
What is 24 - (-6 - (17 + -4 + -17))?
26
What is 3 - (14 - -5) - ((5 - 5) + 3)?
-19
(14 - 6 - 2) + 16 - 0
22
(-2 - (3 - -4)) + 4 - -11
6
What is the value of 30 + 10 + -34 - -10?
16
What is -3 + 5 - (15 + (2 - 5))?
-10
Evaluate (3 - -18 - 27) + 11.
5
What is the value of -35 + (15 - (14 + -21))?
-13
Calculate 1 + 2 - (4 - (-4 + 6) - 1).
2
Calculate -4 - 2 - (5 + -16 + 4 + 2).
-1
Calculate -2 - (7 - (1 + 16 + -9 + 7)).
6
-7 + (7 - 6) - (-3 + 9 - 8)
-4
What is 3 + (-6 - (8 + 4 + -20)) + -17?
-12
Evaluate -31 + 61 + (10 - 21 - -20).
39
Evaluate -2 - (7 - 13 - -1).
3
Calculate (-1 - -28) + 2 + 3 + -4.
28
What is (-1 + 18 - -1) + -12?
6
What is -1 + 4 + 6 + -8 + 2?
3
0 - (4 + 9 - 5) - -7
-1
What is the value of -69 + 1 - (-7 - 29)?
-32
What is the value of -5 - (-5 - -2 - ((11 - -4) + 1))?
14
What is 3 + 7 + -3 + 4?
11
What is 4 - (-4 + 0 + 22 + (8 - 9))?
-13
Evaluate -9 + (13 - 26 - -16).
-6
What is 54 + -56 + (-10 + 0 - -3)?
-9
What is the value of 4 + (-17 - (8 - 13))?
-8
(0 + -13 - (-86 + 62)) + -8
3
Calculate -2 - ((-5 - -7) + (5 - 0)).
-9
Evaluate (2 - 0 - -8) + (10 - 4).
16
What is the value of 0 - (44 - 25) - -36?
17
What is the value of -10 + (-6 - 14) - -60?
30
27 + 1 - ((0 - -7) + (-28 - -24))
25
Calculate -18 - 0 - (15 + 7 + -11).
-29
What is -2 + -10 - (-1 - 13 - -4 - -2)?
-4
Calculate 28 + -4 + 10 + -1 + -3.
30
What is the value of (-11 - (4 + -9)) + (-3 - (1 - 10))?
0
-21 - (5 + -24) - -18
16
Calculate 43 + 28 + -62 - -14.
23
Evaluate (-2 + 1 + 5 - -15) + -22 + 20.
17
Evaluate -1 - 0 - (-44 - -51) - -20.
12
What is 6 - (3 - (-2 - 6 - -14) - 1)?
10
Evaluate -3 - 4 - (12 + -38).
19
Evaluate -9 + -3 + 22 + 3.
13
Evaluate -3 - 14 - (173 + -167).
-23
What is the value of -3 - (17 + (-24 - -13))?
-9
2 + (2 - 2) + -7 + (53 - 55)
-7
Calculate 13 + (-25 - -18) - 20.
-14
What is -8 - (14 + -10 + 2 + -3 + -30)?
19
Evaluate (0 - 14) + -5 + 1 + (7 - 3).
-14
What is -15 + 0 + -143 + 164?
6
Evaluate (-2 - 3) + (-5 - (-2 - 0)) - 8.
-16
Evaluate (-35 + 34 - -9) + 2 + -4.
6
What is (-7 - (-28 - -16)) + (10 - 2) + -6?
7
What is -3 - (4 + 15 + -14)?
-8
Evaluate 31 - (13 - (0 - 28)).
-10
Calculate (1 - (2 + 9 + 2)) + -157 + 163.
-6
What is (0 - 13 - -2) + (6 - 10 - -5)?
-10
1 + -8 - -1 - (-21 + 47 + -21)
-11
Calculate 6 - (2 - 2) - (0 + (3 - 8)).
11
Evaluate 4 + -8 + 7 + (6 + -3 - -10).
16
-347 + 322 - (-47 + 0)
22
What is the value of 1 + 1 + -1 - (29 - 24 - -3)?
-7
What is the value of -2 + 32 + -7 + -4 - (8 - 1)?
12
What is -6 + -3 + -2 + -4 + -6?
-21
What is 15 + 6 - (17 + -4)?
8
-18 - (1 - (1 + (-4 + -2 - -11)))
-13
0 + -1 - (-1 + (-3 - (-1 + -7)))
-5
What is the value of 39 + (2 + -21 - 0)?
20
What is (2 - (-10 + 2)) + -19?
-9
Calculate 27 + -2 + -33 + 18.
10
What is 6 + -2 - (0 - 1 - (-5 - 10))?
-10
Calculate (-15 - (-1 + -14)) + 23.
23
What is 0 - (-62 + (4 - -12)) - 17?
29
What is the value of (638 - 640) + (23 - -1)?
22
What is 0 - (-7 - ((-20 - 0) + 3) - -2)?
-12
Evaluate -6 + 8 - -5 - 4 - -1.
4
What is the value of -10 + 18 + -19 - (3 - (-1 - -2))?
-13
Evaluate -15 + 0 + (4 - -4) + -1.
-8
Calculate -6 + (3 - (19 + (7 - 44))).
15
Calculate -716 - -710 - (1 + 9).
-16
What is 114 + -122 + (3 - 1)?
-6
Calculate (1 - -22) + -19 + (-4 - -5) + 12.
17
What is the value of (-4 - -33) + (-11 - 0)?
18
Calculate 4 + 1 - (35 - (78 - 34)).
14
What is the value of 23 - ((4 - 1) + 0 + (4 - -4))?
12
Calculate -10 - (139 + -138 + -25 + 1).
13
What is (0 - 26) + 10 + 15?
-1
What is the value of (3 - (2 - 4)) + (-19 - -9) + -1?
-6
7 - 8 - -16 - (5 - -1)
9
-7 + (-19 - -38 - -5)
17
8338 - 8369 - (-5 + -2 - (-1 + -1))
-26
Calculate 4 + (-13 - -6) - (-6 + 1 + 10).
-8
-7 + 4 + -2 + -1
-6
Evaluate 12 - ((-6 - 7) + 11 - (-2 + -1)).
11
What is the value of (-22 - -19 - 6) + 3?
-6
Evaluate -10 + 3 - (46 + -48).
-5
18 + (14 - (25 + 3))
4
What is (-7 + 3 + 6 - -5) + 4?
11
What is (8 - (2 + 1)) + (14 - -1)?
20
Calculate 3 + -9 - -14 - 3 - -1.
6
What is (18 - 0) + (86 - 85)?
19
What is the value of 10 + (4 - (2 + 21 - 2)) - 10?
-17
Calculate -19 + -2 + 7 + (-2 - 0).
-16
Evaluate -3 - (11 + 3 + 10 - 11).
-16
Calculate -24 + (-13 - -16) - (-8 + 1 + 2).
-16
What is the value of 63 + -64 + (-3 - -5 - (-1 + -9))?
11
What is the value of -1 + 7 + (-5 - -7) + 1 + -10?
-1
What is the value of 4 + (-1 - 10) - -11?
4
What is -6 + -3 + 1 + 14 + -2 - 19?
-15
(16 - (-2 - -16)) + (-4 - -8) - 39
-33
What is the value of 55 + 1 + (-19 - 1)?
36
Calculate -18 + 1 - (146 + -162).
-1
What is the value of 0 - 1 - (-39 - -31) - 7?
0
What is 0 + -13 + (2 - (-14 + (-13 - -30)))?
-14
What is the value of -33 + (-37 + 46 - -1)?
-23
Evaluate 103 - 93 - (2 + 19).
-11
Calculate -20 + -2 + -5 + (-14 - -34).
-7
Calculate 22 + (-30 - 2) - -11.
1
Calculate -2 + 11 + -5 - (7 - 5).
2
Calculate 25 - (34 - (4 - 30)).
-35
What is (-2 - (-1 + -17)) + (7 - 6) + -3?
14
What is the value of -21 + -12 + (8 - -10) + -12?
-27
-15 + (4 - -12) + -11
-10
What is the value of -1 + (-6 - (5 + -29)) + -7?
10
(4 + -8 - (-7 - -15)) + 45
33
Calculate 24 - (-1 - (2 + 4) - 1 - -15).
17
7 + 5 + -24 + 10 - (6 + -1)
-7
Calculate (2 - (1 - -3)) + (47 - 29) - 5.
11
0 - (2 - -7) - (216 + -189)
-36
Evaluate 135 + -159 + (5 + -4 - -3).
-20
5 + (-7 + (-3 - (4 - 8)) - -11)
10
-6 + (37 - 19) - -9
21
What is (-13 - (45 + -63)) + 14?
19
Evaluate -3 + 5 + -4 + -3.
-5
What is 9 + -21 + (10 - -6)?
4
What is -28 + (30 - 4) + 20 + 1?
19
What is the value of -13 - (5 - (-10 - -20))?
-8
(10 + -30 - -2) + 7 - -26
15
Evaluate 20 + 5 + -7 + 3.
21
Evaluate 26 + -28 + 18 - 2.
14
Evaluate -9 + (-19 - -27) + (6 - 15).
-10
What is (11 + -14 + 16 - 25) + 8 + 43?
39
What is -4 - (23 - (-3 - -8 - -2 - 9))?
-29
Evaluate (6 - 6) + 4 + 18 + -19.
3
Calculate 23 - ((2 - -21) + -11).
11
What is the value of 9 + 1 + 8 + -5 + (0 - 1)?
12
What is -3 + 15 - (-18 + 35)?
-5
What is the value of -27 - (-2 + -10 + -7)?
-8
44 - (57 + -12 + -22)
21
What is -34 - -10 - (-19 + 4)?
-9
Calculate (4 + -11 - -2 - 0) + 4 + 4.
3
Calculate (-9 - (-6 - -3)) + 17 + 2 + 1.
14
-19 - -46 - (0 + (-1 + 3 - -2))
23
What is the value of 21 - 27 - ((-1 - 5) + -8)?
8
310 - 306 - (1 - 1 - (-